{"id":39,"date":"2025-01-04T19:10:45","date_gmt":"2025-01-04T22:10:45","guid":{"rendered":"https:\/\/cuidativa.ufpel.edu.br\/wordpress\/?page_id=39"},"modified":"2025-06-29T12:37:32","modified_gmt":"2025-06-29T15:37:32","slug":"voluntarios","status":"publish","type":"page","link":"https:\/\/cuidativa.ufpel.edu.br\/index.php\/voluntarios\/","title":{"rendered":"Voluntariado"},"content":{"rendered":"<div class=\"wp-block-image\">\n<figure class=\"aligncenter size-large is-resized\"><img loading=\"lazy\" decoding=\"async\" width=\"1024\" height=\"577\" src=\"https:\/\/cuidativa.ufpel.edu.br\/wordpress\/wp-content\/uploads\/2025\/04\/20250225_143507-1024x577.jpg\" alt=\"\" class=\"wp-image-336\" style=\"width:500px\" srcset=\"https:\/\/cuidativa.ufpel.edu.br\/wp-content\/uploads\/2025\/04\/20250225_143507-1024x577.jpg 1024w, https:\/\/cuidativa.ufpel.edu.br\/wp-content\/uploads\/2025\/04\/20250225_143507-400x225.jpg 400w, https:\/\/cuidativa.ufpel.edu.br\/wp-content\/uploads\/2025\/04\/20250225_143507-768x432.jpg 768w, https:\/\/cuidativa.ufpel.edu.br\/wp-content\/uploads\/2025\/04\/20250225_143507-1536x865.jpg 1536w, https:\/\/cuidativa.ufpel.edu.br\/wp-content\/uploads\/2025\/04\/20250225_143507-2048x1153.jpg 2048w\" sizes=\"auto, (max-width: 1024px) 100vw, 1024px\" \/><\/figure>\n<\/div>\n\n\n<p><strong>Colabora\u00e7\u00e3o Volunt\u00e1ria<\/strong><\/p>\n\n\n\n<p>A CUID<strong>ATIVA<\/strong> \u00e9 um espa\u00e7o para pacientes que sofrem por doen\u00e7as cr\u00f4nicas amea\u00e7adoras \u00e0 vida, seus familiares e cuidadores, que possuem limitados recursos financeiros para aliviar suas dores sociais, afetivas, f\u00edsicas e espirituais.<\/p>\n\n\n\n<p>Cuidamos de profissionais, professores, estudantes e volunt\u00e1rios envolvidos com uma educa\u00e7\u00e3o humanizada, comprometidos com uma forma\u00e7\u00e3o qualificada em prol do bem comum, solid\u00e1rios com a redu\u00e7\u00e3o do sofrimento humano e engajados com a busca de qualidade de vida poss\u00edvel e necess\u00e1ria \u00e0 humanidade.<\/p>\n\n\n\n<p>A fortaleza da CUID<strong>ATIVA<\/strong> est\u00e1 na for\u00e7a do voluntariado, que oferece acolhimento \u00e0s pessoas; cria oportunidades de distra\u00e7\u00e3o e recrea\u00e7\u00e3o; proporciona momentos de recria\u00e7\u00e3o e bem estar; conta hist\u00f3rias de vida e favorece a reconstru\u00e7\u00e3o de biografias; proporciona embelezamento pessoal e dos espa\u00e7os de uso comum; realiza benfeitorias, reparos e manuten\u00e7\u00e3o nas estruturas dispon\u00edveis; organiza eventos festivos e\/ou comemorativos; contribui com a prepara\u00e7\u00e3o e realiza\u00e7\u00e3o de atividades acad\u00eamicas e integrativas; enfrenta adversidades quando necess\u00e1rio e luta organizadamente por direitos da sua comunidade.&nbsp;<\/p>\n\n\n\n<figure class=\"wp-block-embed is-type-video is-provider-youtube wp-block-embed-youtube wp-embed-aspect-16-9 wp-has-aspect-ratio\"><div class=\"wp-block-embed__wrapper\">\n<iframe loading=\"lazy\" title=\"VOLUNTARIOS - MUTIR\u00c3O REABILITA\u00c7\u00c3O\" width=\"500\" height=\"281\" src=\"https:\/\/www.youtube.com\/embed\/VAjoJ_2ZWvw?feature=oembed\" frameborder=\"0\" allow=\"accelerometer; autoplay; clipboard-write; encrypted-media; gyroscope; picture-in-picture; web-share\" referrerpolicy=\"strict-origin-when-cross-origin\" allowfullscreen><\/iframe>\n<\/div><\/figure>\n\n\n\n<p>Al\u00e9m disso, o grupo fiscaliza e garante a qualidade dos servi\u00e7os terap\u00eauticos, sustenta e participa das Pr\u00e1ticas Integrativas Complementares e representa a CUID<strong>ATIVA<\/strong> nas manifesta\u00e7\u00f5es e comemora\u00e7\u00f5es sociais.<\/p>\n\n\n\n<p>E para organizar esta for\u00e7a comunit\u00e1ria, desde 2019, o Projeto de Voluntariado da CUID<strong>ATIVA<\/strong> atua com o intuito de capta\u00e7\u00e3o e organiza\u00e7\u00e3o de volunt\u00e1rios de diversas \u00e1reas que exer\u00e7am atividades no \u00e2mbito dos Cuidados Paliativos, para a melhoria e qualidade de vida humana, na busca pela compreens\u00e3o da sociedade e seu entorno, fortalecendo o espa\u00e7o p\u00fablico e o engajamento c\u00edvico.<\/p>\n\n\n<div class=\"wp-block-image\">\n<figure class=\"aligncenter is-resized\"><img decoding=\"async\" src=\"https:\/\/lh7-rt.googleusercontent.com\/docsz\/AD_4nXd8_FdhTBwUyYx5r_hTY5hlwULso46Rxc8JBO8MyU68NxPcxb4gvXIhaO4TPPbksHSyFEk_uGM6KbGMFKJM6y_K4D_q1lf78UWCbhAbJPIWhM_5ItgtnvOJzzWQ5eCKDk-SQC5_Sw?key=Ol-5G1IqIyZBPU728gFHa9q4\" alt=\"\" style=\"width:500px\"\/><\/figure>\n<\/div>\n\n\n<p>Os volunt\u00e1rios aderem espontaneamente as atividades e disponibilizam seu tempo conforme seu interesse e demandas da institui\u00e7\u00e3o. Atualmente, a CUID<strong>ATIVA<\/strong> conta com 20 volunt\u00e1rios cadastrados e ativos e est\u00e1 aberta a receber novos colaboradores.<\/p>\n\n\n\n<figure class=\"wp-block-gallery has-nested-images columns-default is-cropped wp-block-gallery-1 is-layout-flex wp-block-gallery-is-layout-flex\">\n<figure class=\"wp-block-image size-large\"><img loading=\"lazy\" decoding=\"async\" width=\"577\" height=\"1024\" data-id=\"1103\" src=\"https:\/\/cuidativa.ufpel.edu.br\/wordpress\/wp-content\/uploads\/2025\/06\/image-29-577x1024.png\" alt=\"\" class=\"wp-image-1103\" srcset=\"https:\/\/cuidativa.ufpel.edu.br\/wp-content\/uploads\/2025\/06\/image-29-577x1024.png 577w, https:\/\/cuidativa.ufpel.edu.br\/wp-content\/uploads\/2025\/06\/image-29-225x400.png 225w, https:\/\/cuidativa.ufpel.edu.br\/wp-content\/uploads\/2025\/06\/image-29-768x1364.png 768w, https:\/\/cuidativa.ufpel.edu.br\/wp-content\/uploads\/2025\/06\/image-29-865x1536.png 865w, https:\/\/cuidativa.ufpel.edu.br\/wp-content\/uploads\/2025\/06\/image-29.png 1153w\" sizes=\"auto, (max-width: 577px) 100vw, 577px\" \/><\/figure>\n\n\n\n<figure class=\"wp-block-image size-large\"><img loading=\"lazy\" decoding=\"async\" width=\"577\" height=\"1024\" data-id=\"1104\" src=\"https:\/\/cuidativa.ufpel.edu.br\/wordpress\/wp-content\/uploads\/2025\/06\/image-30-577x1024.png\" alt=\"\" class=\"wp-image-1104\" srcset=\"https:\/\/cuidativa.ufpel.edu.br\/wp-content\/uploads\/2025\/06\/image-30-577x1024.png 577w, https:\/\/cuidativa.ufpel.edu.br\/wp-content\/uploads\/2025\/06\/image-30-225x400.png 225w, https:\/\/cuidativa.ufpel.edu.br\/wp-content\/uploads\/2025\/06\/image-30-768x1364.png 768w, https:\/\/cuidativa.ufpel.edu.br\/wp-content\/uploads\/2025\/06\/image-30-865x1536.png 865w, https:\/\/cuidativa.ufpel.edu.br\/wp-content\/uploads\/2025\/06\/image-30.png 1153w\" sizes=\"auto, (max-width: 577px) 100vw, 577px\" \/><\/figure>\n\n\n\n<figure class=\"wp-block-image size-large\"><img loading=\"lazy\" decoding=\"async\" width=\"483\" height=\"272\" data-id=\"1106\" src=\"https:\/\/cuidativa.ufpel.edu.br\/wordpress\/wp-content\/uploads\/2025\/06\/rec-vol-1.png\" alt=\"\" class=\"wp-image-1106\" srcset=\"https:\/\/cuidativa.ufpel.edu.br\/wp-content\/uploads\/2025\/06\/rec-vol-1.png 483w, https:\/\/cuidativa.ufpel.edu.br\/wp-content\/uploads\/2025\/06\/rec-vol-1-400x225.png 400w\" sizes=\"auto, (max-width: 483px) 100vw, 483px\" \/><\/figure>\n\n\n\n<figure class=\"wp-block-image size-large\"><img loading=\"lazy\" decoding=\"async\" width=\"566\" height=\"318\" data-id=\"1107\" src=\"https:\/\/cuidativa.ufpel.edu.br\/wordpress\/wp-content\/uploads\/2025\/06\/rec-vol-2.png\" alt=\"\" class=\"wp-image-1107\" srcset=\"https:\/\/cuidativa.ufpel.edu.br\/wp-content\/uploads\/2025\/06\/rec-vol-2.png 566w, https:\/\/cuidativa.ufpel.edu.br\/wp-content\/uploads\/2025\/06\/rec-vol-2-400x225.png 400w\" sizes=\"auto, (max-width: 566px) 100vw, 566px\" \/><\/figure>\n\n\n\n<figure class=\"wp-block-image size-large\"><img loading=\"lazy\" decoding=\"async\" width=\"1024\" height=\"577\" data-id=\"1108\" src=\"https:\/\/cuidativa.ufpel.edu.br\/wordpress\/wp-content\/uploads\/2025\/06\/image-31-1024x577.png\" alt=\"\" class=\"wp-image-1108\" srcset=\"https:\/\/cuidativa.ufpel.edu.br\/wp-content\/uploads\/2025\/06\/image-31-1024x577.png 1024w, https:\/\/cuidativa.ufpel.edu.br\/wp-content\/uploads\/2025\/06\/image-31-400x225.png 400w, https:\/\/cuidativa.ufpel.edu.br\/wp-content\/uploads\/2025\/06\/image-31-768x432.png 768w, https:\/\/cuidativa.ufpel.edu.br\/wp-content\/uploads\/2025\/06\/image-31-1536x865.png 1536w, https:\/\/cuidativa.ufpel.edu.br\/wp-content\/uploads\/2025\/06\/image-31.png 2048w\" sizes=\"auto, (max-width: 1024px) 100vw, 1024px\" \/><\/figure>\n\n\n\n<figure class=\"wp-block-image size-large\"><img loading=\"lazy\" decoding=\"async\" width=\"567\" height=\"320\" data-id=\"1110\" src=\"https:\/\/cuidativa.ufpel.edu.br\/wordpress\/wp-content\/uploads\/2025\/06\/rec-vol-3.png\" alt=\"\" class=\"wp-image-1110\" srcset=\"https:\/\/cuidativa.ufpel.edu.br\/wp-content\/uploads\/2025\/06\/rec-vol-3.png 567w, https:\/\/cuidativa.ufpel.edu.br\/wp-content\/uploads\/2025\/06\/rec-vol-3-400x226.png 400w\" sizes=\"auto, (max-width: 567px) 100vw, 567px\" \/><\/figure>\n\n\n\n<figure class=\"wp-block-image size-large\"><img loading=\"lazy\" decoding=\"async\" width=\"566\" height=\"316\" data-id=\"1111\" src=\"https:\/\/cuidativa.ufpel.edu.br\/wordpress\/wp-content\/uploads\/2025\/06\/rec-vol-4.png\" alt=\"\" class=\"wp-image-1111\" srcset=\"https:\/\/cuidativa.ufpel.edu.br\/wp-content\/uploads\/2025\/06\/rec-vol-4.png 566w, https:\/\/cuidativa.ufpel.edu.br\/wp-content\/uploads\/2025\/06\/rec-vol-4-400x223.png 400w\" sizes=\"auto, (max-width: 566px) 100vw, 566px\" \/><\/figure>\n\n\n\n<figure class=\"wp-block-image size-large\"><img loading=\"lazy\" decoding=\"async\" width=\"768\" height=\"1024\" data-id=\"1112\" src=\"https:\/\/cuidativa.ufpel.edu.br\/wordpress\/wp-content\/uploads\/2025\/06\/image-33-768x1024.png\" alt=\"\" class=\"wp-image-1112\" srcset=\"https:\/\/cuidativa.ufpel.edu.br\/wp-content\/uploads\/2025\/06\/image-33-768x1024.png 768w, https:\/\/cuidativa.ufpel.edu.br\/wp-content\/uploads\/2025\/06\/image-33-300x400.png 300w, https:\/\/cuidativa.ufpel.edu.br\/wp-content\/uploads\/2025\/06\/image-33.png 960w\" sizes=\"auto, (max-width: 768px) 100vw, 768px\" \/><\/figure>\n\n\n\n<figure class=\"wp-block-image size-large\"><img loading=\"lazy\" decoding=\"async\" width=\"768\" height=\"1024\" data-id=\"1113\" src=\"https:\/\/cuidativa.ufpel.edu.br\/wordpress\/wp-content\/uploads\/2025\/06\/image-34-768x1024.png\" alt=\"\" class=\"wp-image-1113\" srcset=\"https:\/\/cuidativa.ufpel.edu.br\/wp-content\/uploads\/2025\/06\/image-34-768x1024.png 768w, https:\/\/cuidativa.ufpel.edu.br\/wp-content\/uploads\/2025\/06\/image-34-300x400.png 300w, https:\/\/cuidativa.ufpel.edu.br\/wp-content\/uploads\/2025\/06\/image-34.png 960w\" sizes=\"auto, (max-width: 768px) 100vw, 768px\" \/><\/figure>\n\n\n\n<figure class=\"wp-block-image size-large\"><img loading=\"lazy\" decoding=\"async\" width=\"768\" height=\"1024\" data-id=\"1114\" src=\"https:\/\/cuidativa.ufpel.edu.br\/wordpress\/wp-content\/uploads\/2025\/06\/image-35-768x1024.png\" alt=\"\" class=\"wp-image-1114\" srcset=\"https:\/\/cuidativa.ufpel.edu.br\/wp-content\/uploads\/2025\/06\/image-35-768x1024.png 768w, https:\/\/cuidativa.ufpel.edu.br\/wp-content\/uploads\/2025\/06\/image-35-300x400.png 300w, https:\/\/cuidativa.ufpel.edu.br\/wp-content\/uploads\/2025\/06\/image-35.png 960w\" sizes=\"auto, (max-width: 768px) 100vw, 768px\" \/><\/figure>\n\n\n\n<figure class=\"wp-block-image size-large\"><img loading=\"lazy\" decoding=\"async\" width=\"768\" height=\"1024\" data-id=\"1115\" src=\"https:\/\/cuidativa.ufpel.edu.br\/wordpress\/wp-content\/uploads\/2025\/06\/image-36-768x1024.png\" alt=\"\" class=\"wp-image-1115\" srcset=\"https:\/\/cuidativa.ufpel.edu.br\/wp-content\/uploads\/2025\/06\/image-36-768x1024.png 768w, https:\/\/cuidativa.ufpel.edu.br\/wp-content\/uploads\/2025\/06\/image-36-300x400.png 300w, https:\/\/cuidativa.ufpel.edu.br\/wp-content\/uploads\/2025\/06\/image-36.png 960w\" sizes=\"auto, (max-width: 768px) 100vw, 768px\" \/><\/figure>\n\n\n\n<figure class=\"wp-block-image size-large\"><img loading=\"lazy\" decoding=\"async\" width=\"768\" height=\"1024\" data-id=\"1116\" src=\"https:\/\/cuidativa.ufpel.edu.br\/wordpress\/wp-content\/uploads\/2025\/06\/image-37-768x1024.png\" alt=\"\" class=\"wp-image-1116\" srcset=\"https:\/\/cuidativa.ufpel.edu.br\/wp-content\/uploads\/2025\/06\/image-37-768x1024.png 768w, https:\/\/cuidativa.ufpel.edu.br\/wp-content\/uploads\/2025\/06\/image-37-300x400.png 300w, https:\/\/cuidativa.ufpel.edu.br\/wp-content\/uploads\/2025\/06\/image-37.png 960w\" sizes=\"auto, (max-width: 768px) 100vw, 768px\" \/><\/figure>\n\n\n\n<figure class=\"wp-block-image size-large\"><img loading=\"lazy\" decoding=\"async\" width=\"1024\" height=\"768\" data-id=\"1117\" src=\"https:\/\/cuidativa.ufpel.edu.br\/wordpress\/wp-content\/uploads\/2025\/06\/image-38-1024x768.png\" alt=\"\" class=\"wp-image-1117\" srcset=\"https:\/\/cuidativa.ufpel.edu.br\/wp-content\/uploads\/2025\/06\/image-38-1024x768.png 1024w, https:\/\/cuidativa.ufpel.edu.br\/wp-content\/uploads\/2025\/06\/image-38-400x300.png 400w, https:\/\/cuidativa.ufpel.edu.br\/wp-content\/uploads\/2025\/06\/image-38-768x576.png 768w, https:\/\/cuidativa.ufpel.edu.br\/wp-content\/uploads\/2025\/06\/image-38.png 1280w\" sizes=\"auto, (max-width: 1024px) 100vw, 1024px\" \/><\/figure>\n<\/figure>\n\n\n\n<p><strong>Se voc\u00ea gostou do que leu, participou de alguma das a\u00e7\u00f5es da CUID<strong>ATIVA<\/strong> e compartilha os princ\u00edpios humanos e sociais da organiza\u00e7\u00e3o, pode se voluntariar. Basta entrar em contato conosco:<\/strong><\/p>\n\n\n\n<p><strong>E-mail: <\/strong><a href=\"mailto:cuidativaufpel@gmail.com\"><strong>cuidativaufpel@gmail.com<\/strong><\/a><strong>&nbsp;<\/strong><\/p>\n\n\n\n<p><strong>Telefone: (53) 3284-3282 e Whatsapp (53) 9 9212-9827<\/strong><\/p>\n","protected":false},"excerpt":{"rendered":"<p>Colabora\u00e7\u00e3o Volunt\u00e1ria A CUIDATIVA \u00e9 um espa\u00e7o para pacientes que sofrem por doen\u00e7as cr\u00f4nicas amea\u00e7adoras \u00e0 vida, seus familiares e cuidadores, que possuem limitados recursos financeiros para aliviar suas dores sociais, afetivas, f\u00edsicas e espirituais. Cuidamos de profissionais, professores, estudantes e volunt\u00e1rios envolvidos com uma educa\u00e7\u00e3o humanizada, comprometidos com uma forma\u00e7\u00e3o qualificada em prol do [&hellip;]<\/p>\n","protected":false},"author":1,"featured_media":0,"parent":0,"menu_order":0,"comment_status":"closed","ping_status":"closed","template":"","meta":{"footnotes":""},"class_list":["post-39","page","type-page","status-publish","hentry"],"_links":{"self":[{"href":"https:\/\/cuidativa.ufpel.edu.br\/index.php\/wp-json\/wp\/v2\/pages\/39","targetHints":{"allow":["GET"]}}],"collection":[{"href":"https:\/\/cuidativa.ufpel.edu.br\/index.php\/wp-json\/wp\/v2\/pages"}],"about":[{"href":"https:\/\/cuidativa.ufpel.edu.br\/index.php\/wp-json\/wp\/v2\/types\/page"}],"author":[{"embeddable":true,"href":"https:\/\/cuidativa.ufpel.edu.br\/index.php\/wp-json\/wp\/v2\/users\/1"}],"replies":[{"embeddable":true,"href":"https:\/\/cuidativa.ufpel.edu.br\/index.php\/wp-json\/wp\/v2\/comments?post=39"}],"version-history":[{"count":13,"href":"https:\/\/cuidativa.ufpel.edu.br\/index.php\/wp-json\/wp\/v2\/pages\/39\/revisions"}],"predecessor-version":[{"id":1118,"href":"https:\/\/cuidativa.ufpel.edu.br\/index.php\/wp-json\/wp\/v2\/pages\/39\/revisions\/1118"}],"wp:attachment":[{"href":"https:\/\/cuidativa.ufpel.edu.br\/index.php\/wp-json\/wp\/v2\/media?parent=39"}],"curies":[{"name":"wp","href":"https:\/\/api.w.org\/{rel}","templated":true}]}}